{"id":124,"date":"2017-11-10T09:08:52","date_gmt":"2017-11-10T08:08:52","guid":{"rendered":"http:\/\/stuff4staff.hak-kirchdorf.at\/?page_id=124"},"modified":"2025-10-22T20:14:53","modified_gmt":"2025-10-22T18:14:53","slug":"impressum","status":"publish","type":"page","link":"https:\/\/stuff4staff.hak-kirchdorf.at\/index.php\/impressum\/","title":{"rendered":"Impressum"},"content":{"rendered":"\t\t<div data-elementor-type=\"wp-page\" data-elementor-id=\"124\" class=\"elementor elementor-124\">\n\t\t\t\t\t\t<section class=\"elementor-section elementor-top-section elementor-element elementor-element-d8606fe elementor-section-boxed elementor-section-height-default elementor-section-height-default\" data-id=\"d8606fe\" data-element_type=\"section\">\n\t\t\t\t\t\t<div class=\"elementor-container elementor-column-gap-default\">\n\t\t\t\t\t<div class=\"elementor-column elementor-col-100 elementor-top-column elementor-element elementor-element-12dd12fe\" data-id=\"12dd12fe\" data-element_type=\"column\">\n\t\t\t<div class=\"elementor-widget-wrap elementor-element-populated\">\n\t\t\t\t\t\t<div class=\"elementor-element elementor-element-1d1f6278 elementor-widget elementor-widget-text-editor\" data-id=\"1d1f6278\" data-element_type=\"widget\" data-widget_type=\"text-editor.default\">\n\t\t\t\t<div class=\"elementor-widget-container\">\n\t\t\t\t\t\t\t\t\t<p class=\"bodytext\"><b>Stuff4Staff Handels GmbH<\/b><\/p><div><p class=\"bodytext\">\u00dcbungsfirma der BHAK Kirchdorf\/Kr.<br \/>Weinzierler Stra\u00dfe 22<br \/>4560 Kirchdorf\/Kr.<\/p><\/div><div><p class=\"bodytext\">Tel.: +43 7582 606 81-34<br \/>E-Mail:\u00a0stuff4staff1157@uebungsfirmen.at<\/p><p class=\"bodytext\">Gro\u00dfhandel f\u00fcr B\u00fcrom\u00f6bel, Genussartikel und Waren aller Art<\/p><\/div><p><strong>Arbeitszeiten:<\/strong><\/p><p>Montag von 12:00 bis 14:30 Uhr<\/p><p><strong>UID-Nummer:<\/strong><\/p><p>ATU50115717<\/p><p><strong>Firmenbuchnummer:<\/strong><\/p><p>1157<\/p><p><strong>FB-Gericht:<\/strong><\/p><p>ACT Wien<\/p>\t\t\t\t\t\t\t\t<\/div>\n\t\t\t\t<\/div>\n\t\t\t\t\t<\/div>\n\t\t<\/div>\n\t\t\t\t\t<\/div>\n\t\t<\/section>\n\t\t\t\t<\/div>\n\t\t","protected":false},"excerpt":{"rendered":"<p>Stuff4Staff Handels GmbH \u00dcbungsfirma der BHAK Kirchdorf\/Kr.Weinzierler Stra\u00dfe 224560 Kirchdorf\/Kr. Tel.: +43 7582 606 81-34E-Mail:\u00a0stuff4staff1157@uebungsfirmen.at Gro\u00dfhandel f\u00fcr B\u00fcrom\u00f6bel, Genussartikel und Waren aller Art Arbeitszeiten: Montag von 12:00 bis 14:30 Uhr UID-Nummer: ATU50115717 Firmenbuchnummer: 1157 FB-Gericht: ACT Wien<\/p>\n","protected":false},"author":1,"featured_media":0,"parent":0,"menu_order":0,"comment_status":"closed","ping_status":"closed","template":"","meta":{"footnotes":""},"class_list":["post-124","page","type-page","status-publish","hentry"],"featured_media_urls":[],"_links":{"self":[{"href":"https:\/\/stuff4staff.hak-kirchdorf.at\/index.php\/wp-json\/wp\/v2\/pages\/124","targetHints":{"allow":["GET"]}}],"collection":[{"href":"https:\/\/stuff4staff.hak-kirchdorf.at\/index.php\/wp-json\/wp\/v2\/pages"}],"about":[{"href":"https:\/\/stuff4staff.hak-kirchdorf.at\/index.php\/wp-json\/wp\/v2\/types\/page"}],"author":[{"embeddable":true,"href":"https:\/\/stuff4staff.hak-kirchdorf.at\/index.php\/wp-json\/wp\/v2\/users\/1"}],"replies":[{"embeddable":true,"href":"https:\/\/stuff4staff.hak-kirchdorf.at\/index.php\/wp-json\/wp\/v2\/comments?post=124"}],"version-history":[{"count":27,"href":"https:\/\/stuff4staff.hak-kirchdorf.at\/index.php\/wp-json\/wp\/v2\/pages\/124\/revisions"}],"predecessor-version":[{"id":958,"href":"https:\/\/stuff4staff.hak-kirchdorf.at\/index.php\/wp-json\/wp\/v2\/pages\/124\/revisions\/958"}],"wp:attachment":[{"href":"https:\/\/stuff4staff.hak-kirchdorf.at\/index.php\/wp-json\/wp\/v2\/media?parent=124"}],"curies":[{"name":"wp","href":"https:\/\/api.w.org\/{rel}","templated":true}]}}